st the prime factors of 119515.
5, 11, 41, 53
List the prime factors of 56340.
2, 3, 5, 313
What are the prime factors of 6356927?
41, 155047
List the prime factors of 1006100.
2, 5, 10061
List the prime factors of 708364.
2, 177091
What are the prime factors of 3666479?
599, 6121
List the prime factors of 93046.
2, 46523
List the prime factors of 6119814.
2, 3, 79, 12911
List the prime factors of 23537731.
7, 41, 82013
What are the prime factors of 19862437?
7, 2837491
List the prime factors of 33597.
3, 3733
What are the prime factors of 2072607?
3, 690869
List the prime factors of 5399975.
5, 7, 59, 523
List the prime factors of 14403900.
2, 3, 5, 7, 19
What are the prime factors of 137123?
7, 19, 1031
List the prime factors of 83134.
2, 197, 211
What are the prime factors of 381005?
5, 181, 421
List the prime factors of 100209.
3, 33403
What are the prime factors of 7548897?
3, 2516299
List the prime factors of 4081893.
3, 1360631
List the prime factors of 16010869.
7, 41, 55787
List the prime factors of 1783138.
2, 7, 67, 1901
What are the prime factors of 7067865?
3, 5, 7, 83, 811
List the prime factors of 174401.
19, 67, 137
List the prime factors of 8594406.
2, 3, 367, 1301
List the prime factors of 8469066.
2, 3, 137, 10303
List the prime factors of 224375.
5, 359
List the prime factors of 5651146.
2, 23, 43, 2857
List the prime factors of 102603.
3, 23, 1487
List the prime factors of 28943815.
5, 5788763
What are the prime factors of 133347?
3, 44449
List the prime factors of 2031125.
5, 16249
What are the prime factors of 1021557?
3, 340519
List the prime factors of 65494.
2, 11, 13, 229
What are the prime factors of 1468019?
7, 209717
What are the prime factors of 2968708?
2, 47, 15791
List the prime factors of 6456443.
7, 569, 1621
List the prime factors of 714092.
2, 167, 1069
What are the prime factors of 11224692?
2, 3, 17, 18341
List the prime factors of 1161773.
71, 16363
What are the prime factors of 886330?
2, 5, 61, 1453
List the prime factors of 2107468.
2, 11, 211, 227
List the prime factors of 267252.
2, 3, 22271
List the prime factors of 175577.
337, 521
What are the prime factors of 2433776?
2, 152111
List the prime factors of 163971.
3, 6073
List the prime factors of 1189641.
3, 396547
List the prime factors of 1012679.
1012679
What are the prime factors of 1712239?
59, 29021
List the prime factors of 18484438.
2, 7, 109, 12113
What are the prime factors of 977746?
2, 7, 11, 907
What are the prime factors of 4318112?
2, 23, 5867
List the prime factors of 576858.
2, 3, 79, 1217
What are the prime factors of 4286240?
2, 5, 7, 43, 89
What are the prime factors of 505417?
11, 4177
List the prime factors of 5364937.
263, 20399
List the prime factors of 2230062.
2, 3, 443, 839
What are the prime factors of 74400?
2, 3, 5, 31
What are the prime factors of 164275?
5, 6571
What are the prime factors of 17528883?
3, 5842961
What are the prime factors of 201478?
2, 131, 769
What are the prime factors of 94125?
3, 5, 251
What are the prime factors of 237000?
2, 3, 5, 79
List the prime factors of 13115805.
3, 5, 874387
List the prime factors of 55733.
55733
What are the prime factors of 6752104?
2, 844013
What are the prime factors of 3900853?
11, 53, 6691
List the prime factors of 12750.
2, 3, 5, 17
What are the prime factors of 3453793?
7, 493399
List the prime factors of 1732145.
5, 346429
List the prime factors of 103057.
257, 401
What are the prime factors of 3752578?
2, 1876289
What are the prime factors of 5951103?
3, 1983701
What are the prime factors of 533788?
2, 133447
What are the prime factors of 3385713?
3, 103, 10957
List the prime factors of 265152.
2, 3, 1381
List the prime factors of 3912684.
2, 3, 326057
What are the prime factors of 162110?
2, 5, 13, 29, 43
List the prime factors of 201134.
2, 19, 67, 79
List the prime factors of 12365126.
2, 89, 69467
What are the prime factors of 894995?
5, 19, 9421
What are the prime factors of 3880816?
2, 242551
What are the prime factors of 401582?
2, 199, 1009
What are the prime factors of 518899?
263, 1973
List the prime factors of 21446.
2, 10723
What are the prime factors of 1717026?
2, 3, 286171
What are the prime factors of 858711?
3, 7, 103, 397
List the prime factors of 4423508.
2, 73, 15149
What are the prime factors of 168378?
2, 3, 7, 19, 211
List the prime factors of 8584105.
5, 19, 90359
List the prime factors of 1479274.
2, 739637
What are the prime factors of 1587136?
2, 24799
What are the prime factors of 108455?
5, 109, 199
List the prime factors of 1032430.
2, 5, 7, 43
What are the prime factors of 1326340?
2, 5, 17, 47, 83
List the prime factors of 10910402.
2, 1459, 3739
What are the prime factors of 1243745?
5, 248749
List the prime factors of 2651436.
2, 3, 73651
List the prime factors of 6722523.
3, 19, 39313
List the prime factors of 143618.
2, 71809
What are the prime factors of 591887?
591887
What are the prime factors of 206253?
3, 7639
List the prime factors of 5013555.
3, 5, 17, 19661
What are the prime factors of 563301?
3, 31, 673
What are the prime factors of 23252?
2, 5813
What are the prime factors of 264033?
3, 7, 11, 127
List the prime factors of 110695.
5, 13, 131
List the prime factors of 1218048.
2, 3, 13, 61
List the prime factors of 6581805.
3, 5, 17, 53, 487
List the prime factors of 1070655.
3, 5, 137, 521
What are the prime factors of 3284567?
11, 13, 103, 223
List the prime factors of 3239838.
2, 3, 7, 2857
List the prime factors of 8886806.
2, 4443403
What are the prime factors of 45980?
2, 5, 11, 19
List the prime factors of 2139127.
17, 29, 4339
List the prime factors of 752577.
3, 7, 35837
List the prime factors of 174116.
2, 19, 29, 79
What are the prime factors of 12973481?
83, 156307
List the prime factors of 8693736.
2, 3, 29, 12491
What are the prime factors of 99017?
99017
What are the prime factors of 513526?
2, 13, 19751
List the prime factors of 1969292.
2, 13, 37871
What are the prime factors of 4843475?
5, 7, 13, 2129
What are the prime factors of 132988?
2, 33247
What are the prime factors of 977890?
2, 5, 97789
List the prime factors of 3961.
17, 233
What are the prime factors of 524591?
524591
What are the prime factors of 2745708?
2, 3, 7, 32687
List the prime factors of 3652292.
2, 7, 130439
What are the prime factors of 2538162?
2, 3, 11, 4273
What are the prime factors of 257565?
3, 5, 7, 11, 223
List the prime factors of 142402.
2, 13, 5477
What are the prime factors of 669611?
669611
List the prime factors of 265366.
2, 277, 479
What are the prime factors of 2512974?
2, 3, 17, 71, 347
List the prime factors of 80626.
2, 7, 13, 443
List the prime factors of 1848854.
2, 7, 41, 3221
What are the prime factors of 4148118?
2, 3, 13, 19, 311
What are the prime factors of 26488674?
2, 3, 139, 3529
List the prime factors of 312414.
2, 3, 52069
List the prime factors of 21940713.
3, 30097
What are the prime factors of 917480?
2, 5, 22937
What are the prime factors of 2499838?
2, 11, 199, 571
What are the prime factors of 626051?
626051
List the prime factors of 18792103.
11, 1708373
List the prime factors of 429133.
31, 109, 127
What are the prime factors of 1479380?
2, 5, 7, 10567
What are the prime factors of 734574?
2, 3, 23, 5323
List the prime factors of 68784.
2, 3, 1433
What are the prime factors of 2148054?
2, 3, 61, 5869
What are the prime factors of 350232?
2, 3, 14593
List the prime factors of 30145.
5, 6029
List the prime factors of 8585383.
787, 10909
What are the prime factors of 468836?
2, 117209
What are the prime factors of 6665335?
5, 313, 4259
What are the prime factors of 15447?
3, 19, 271
List the prime factors of 15858080.
2, 5, 7, 14159
List the prime factors of 17674179.
3, 5891393
List the prime factors of 3168983.
3168983
What are the prime factors of 518960?
2, 5, 13, 499
List the prime factors of 118758.
2, 3, 19793
What are the prime factors of 9172455?
3, 5, 611497
What are the prime factors of 45675?
3, 5, 7, 29
List the prime factors of 11720931.
3, 3906977
What are the prime factors of 1929725?
5, 7, 11027
List the prime factors of 144617.
11, 13147
What are the prime factors of 1867819?
1867819
What are the prime factors of 166929?
3, 7, 7949
List the prime factors of 100682